at is the highest common divisor of u and t?
34
Let r = 29 - 16. Suppose -33*c = -24*c + 104*c - 39663. What is the highest common factor of r and c?
13
Let j(a) = 21*a + 26. Let i be j(5). Let b = i - 41. Let z be (0 - -17) + 1/1. Calculate the highest common factor of z and b.
18
Let p = 182 - 95. Let f(b) = 16*b - 57. Let z be f(5). Suppose 4*j - n = 134 - z, 3*j = n + 82. What is the highest common divisor of p and j?
29
Let j = -49 - -47. Let y be 15/j*252/(-10). Calculate the greatest common factor of 252 and y.
63
Let b = -73 + 77. Suppose 3*v = j - 8, 31 - 25 = -j - b*v. Suppose l + 1 = 3*k, 4*k = 4*l + 6 - 42. What is the greatest common divisor of l and j?
2
Let p = 3535 - 3135. Calculate the highest common divisor of 1100 and p.
100
Suppose -231*o + 238*o - 28 = 0. Suppose 584 = 4*w + 4*x, 0*x - o*x = -5*w + 766. What is the highest common divisor of w and 90?
30
Suppose -7*y + 694 + 559 = 0. Suppose -y + 153 = -x. What is the highest common divisor of x and 26?
26
Let d be (740/60)/((-5)/(-30)). Calculate the highest common factor of d and 1406.
74
Let b be 8/44 + (-395)/55. Let k(w) = 2*w**3 + 22 + 0*w**3 - 3*w**3 + 2*w - 7*w**2. Let t be k(b). What is the highest common factor of 32 and t?
8
Let n be (-1)/3*66/(-110)*(61 + 4). Calculate the highest common divisor of 1911 and n.
13
Let l(v) = -2*v**3 - 31*v**2 - 29*v - 694. Let x be l(-19). What is the greatest common divisor of 32 and x?
16
Suppose 2*y - 8 = 0, 3*y - 4*y = -4*a + 224. Let q(z) = 11*z**2 + 146*z + 2. Let f be q(-14). Calculate the highest common factor of a and f.
57
Let q(x) = x**3 + 38*x**2 + 91*x. Let a be q(-29). What is the highest common factor of a and 85?
85
Let t(f) = -131*f + 5766. Let i be t(38). What is the greatest common divisor of i and 13199?
197
Suppose -3*y = -0*y - 144. Let s be (-8254)/(-6) + (-4)/14*252/(-216). Suppose y*j - s = 44*j. Calculate the highest common factor of j and 43.
43
Suppose -4*a = -w - 483 - 467, 2*a = -5*w + 464. What is the highest common factor of 316 and a?
79
Let h(q) = q**2 + q + 5. Let o be h(4). Let f(a) = -a**2 - 9*a. Let s be f(-4). Suppose -600 = -s*p + 14*p. What is the highest common factor of p and o?
25
Suppose -5*y + 3*y - i + 14 = 0, 3*i = y + 7. Suppose a - 20 - 1 = -3*l, -21 = -a - y*l. Calculate the highest common factor of 12 and a.
3
Let n(s) = -401*s + 684. Let c be n(-14). What is the greatest common divisor of 94 and c?
94
Suppose 3*j + 3*z = 21, 6 = 2*z - 0. Suppose -2*n + 6 = 3*q, -j*q - 3*n - 3 + 10 = 0. Let f be (12/10)/(q/150). What is the greatest common divisor of f and 18?
9
Let p = -1654 - -3274. Calculate the highest common divisor of p and 80.
20
Suppose 0 = -32*c + 4*c + 5432. Calculate the greatest common divisor of 2 and c.
2
Let r(h) = 37*h + 19. Let q = 114 - 111. Let g be r(q). Calculate the highest common factor of 65 and g.
65
Suppose -39*a + 30824 = -64726. Suppose 74*h = 79*h - a. Calculate the highest common factor of 10 and h.
10
Suppose 0 = -q - 3*d + 155 + 373, -q = -5*d - 520. What is the highest common divisor of 266 and q?
7
Let o(a) = 11*a**3 + 65*a**2 + 3*a + 6. Let z be o(-4). Calculate the highest common factor of z and 5445.
165
Suppose 0 = 3*d + 219 + 39. Let u = d - -122. Let x(y) = -6*y**3 + 3*y**2 + 12*y + 12. Let s be x(-2). Calculate the greatest common divisor of s and u.
12
Let w(r) = 42*r**2 - 6*r + 69. Let k be w(5). What is the highest common factor of k and 297?
99
Let b(t) = -t**3 + 9*t**2 - 7*t - 5. Suppose 350*r - 355*r = -30. Let j be b(r). Calculate the highest common factor of 488 and j.
61
Let o = -3059 + 3092. Let b(v) = 29*v**2 + 2*v + 1. Let p be b(2). Calculate the highest common divisor of p and o.
11
Let c(t) = t**3 + 10*t**2 + 21*t + 14. Let d be c(-4). Calculate the highest common divisor of 36634 and d.
26
Let m(h) = 2*h**3 - 3*h**2 - 3*h - 6. Let k be m(7). Suppose -519*v + 154 = -k*v. Let c be (33/4)/((-6)/(-16)). Calculate the highest common divisor of v and c.
22
Let h = 1588 + -1490. What is the highest common divisor of h and 623?
7
Suppose 2*h - 4924 = -l - 576, 8645 = 2*l - 13*h. What is the greatest common divisor of l and 78?
26
Let l be ((-648)/32)/(3/(-12)). Let r = 85 - l. Suppose 0 = -r*d + 14 + 162. What is the highest common factor of d and 110?
22
Let u = -25774 - -25826. Let w(b) = -21*b + 1. Let i be w(1). Let g = 6 - i. Calculate the highest common divisor of g and u.
26
Suppose -7*k + 498 = -4*k + 4*u, k - 150 = 4*u. Let b(s) = 14*s. Let f be b(-3). Let q be 24/14*f/(-4). What is the greatest common divisor of q and k?
18
Let a = 2656 - 2611. Let c be -2 + 79 + 2 + -4. Calculate the greatest common divisor of a and c.
15
Let f be -7 + (-64683)/(-117) - 8/(-52). Let o(t) = -76*t. Let s be o(4). Let r = s + f. What is the greatest common factor of r and 22?
22
Let y(h) = -6*h + 22*h - 8*h**2 - 9 + 6*h**2 - h**2 + 8*h**2. Let s be y(-4). What is the highest common divisor of s and 427?
7
Suppose 49*g = 4748 + 1720. Let c be (-18)/4*8/(-12). Suppose c*j - 3*v - 2*v = 41, 4*j + 3*v = 45. Calculate the highest common factor of j and g.
12
Let c(b) = 31*b**2 - 39*b - 58. Let d be c(-2). Calculate the highest common factor of 176 and d.
16
Suppose 22*u - 4050 = 12*u. Suppose 0 = -5*q - 4*z + 170, 4*q - 70 = -z + 55. Calculate the greatest common divisor of u and q.
15
Let g = -29 - -19. Let y be (-1120)/(-50) + ((-16)/g - 1). Let s = -192 + 284. What is the greatest common divisor of y and s?
23
Let h(r) = -7 - 2*r - 9*r - 6*r - 12 - 91. Let c be h(-30). What is the highest common divisor of c and 16?
16
Let r = 37 + -41. Let i(l) = -l**2 - 3*l - 2. Let u be i(r). Let j be (-86)/u - 4/(-18)*3. Calculate the highest common factor of 10 and j.
5
Suppose -34*t = 2*p - 33*t - 144, 7*p + 4*t - 507 = 0. Calculate the greatest common factor of p and 5842.
23
Let f be (12/1)/2 - (-365876)/1022. What is the greatest common divisor of f and 260?
52
Let s(g) = -37*g + 1. Let k be s(-3). Suppose p = -5*r - 289, 0*p = 5*p - 5*r + 1385. Let z = p - -293. What is the greatest common factor of z and k?
14
Suppose 0 = 5327*k - 5325*k - 1912. Calculate the greatest common divisor of k and 8.
4
Suppose 3*q - 4728 = -5*g, -23*q = -25*q + 12. What is the greatest common divisor of g and 78?
6
Let t be 1980/(-66)*(-2)/4. Let r be (33/t - 1)/((-5)/(-75)). What is the highest common factor of 234 and r?
18
Let m(o) = -73*o + 563. Let s be m(-6). What is the highest common divisor of s and 308?
77
Suppose 9215 = -199*w + 218*w. What is the highest common divisor of 20 and w?
5
Let y(o) = -o**2 - 42*o - 387. Let n be y(-18). Calculate the highest common factor of n and 850.
5
Suppose -4*z + 61 = -43. Suppose 1879 = -27*w + 13111. What is the highest common factor of z and w?
26
Let c = -30 + 35. Suppose -4*b = -c*b + 2. Suppose 0 = -b*r + 15 + 45. What is the greatest common factor of r and 30?
30
Suppose -d - 86779 = -50*d. What is the greatest common factor of 23 and d?
23
Let p(g) = 5*g**3 + 23*g**2 - 175*g - 17. Let t be p(7). Calculate the highest common divisor of t and 30.
10
Let w be 16 + 6 + -5 + 1. Suppose -3*c + w = 4*i, 4*i - 4*c - 7 = -i. What is the greatest common factor of 2 and i?
1
Let f(x) = 24*x - 6. Suppose -3 = 4*o + 5*u - 5, 0 = 2*u - 4. Let v be f(o). Let b = v + 90. What is the highest common factor of 4 and b?
4
Suppose 5*y = -5*z + 49825, z + 9965 = -3*y + 4*y. Calculate the greatest common factor of y and 5.
5
Suppose -60*t + 2479 + 161 = 0. Let q = 1716 + -968. What is the highest common factor of q and t?
44
Suppose -a - 8 = -12*g + 11*g, g - 2*a - 13 = 0. Suppose 29 + 172 = 5*d + g*u, -4*u + 72 = 2*d. Calculate the highest common factor of 63 and d.
21
Let s(b) = 4*b**3 + 252*b**2 + 3*b + 245. Let d be s(-63). Let w be (-4)/(-14) + (-1172)/(-14). Calculate the greatest common factor of w and d.
28
Suppose -6*i + i + 2*d = 0, 0 = -3*i + 5*d + 19. Let c be (3/i)/((-7)/56). Calculate the highest common factor of c and 68.
4
Let t(i) = 4*i + 88. Let o be t(-21). Let b be -20*(-1 - -4 - o). What is the highest common divisor of b and 18?
2
Let a be -3*(-69)/45*5. Suppose -10*y - 13 = 117. Let i(k) = -k**2 - 29*k - 1. Let m be i(y). Calculate the greatest common divisor of m and a.
23
Let j be 0/22 + (-8)/(40/(-1305)). Cal